vided by r?
25
Suppose 2*k - 34 = -5*p, 4*k - 16 - 34 = -p. Let s = -2 + -1. What is the remainder when k is divided by -3*(13/s + 2)?
5
Let c be (-40)/(-6) - 3/(-9). Suppose -c*l + 5*l = -14. Calculate the remainder when l is divided by 3.
1
Let p be 91/117 - (-4)/18. Let l = 9 - p. Calculate the remainder when l is divided by 5.
3
Let y = -2 + 4. Let h = -4 - -8. Calculate the remainder when h is divided by y.
0
Suppose -63 - 122 = -5*i. Calculate the remainder when i is divided by (57/9 - 2)*3.
11
Suppose -3*h + r + r + 36 = 0, 2*h - 26 = 2*r. What is the remainder when 19 is divided by h?
9
Suppose -2*y = -y - 4. Suppose 0 = -y*j + 56 + 80. Calculate the remainder when j is divided by 12.
10
Let j be 0 + 1 + (2 - 1). Suppose 0*l + 3*l + 15 = 0, j*s + 1 = -l. Calculate the remainder when 4 is divided by s.
0
Let y be 2/(-5) + (-52)/(-5). Let m = y - -4. Calculate the remainder when m is divided by ((-50)/(-15))/((-2)/(-3)).
4
Suppose 6*d = d + 50. Suppose -t = -3*j + j + 57, 4*j + 3*t - 119 = 0. What is the remainder when j is divided by d?
9
Let d(w) = w + 13. What is the remainder when 12 is divided by d(-10)?
0
Let n = 13 - -4. Let g(q) = 3*q**2 - 3*q + 3. Let b be g(5). Let w = 113 - b. What is the remainder when w is divided by n?
16
Suppose 5*q - 225 = -5*a, -18 = 4*q + 2. Suppose 10 = -t + a. Suppose -4*g - 3*r + 24 = 0, 2*g + 4*r + 18 = t. What is the remainder when 5 is divided by g?
2
Suppose -4*z + 5*m = -374, 4*m - 299 + 99 = -2*z. Suppose 0*v - z = -4*v. What is the remainder when v is divided by -5*6/((-120)/52)?
11
Let m be (2 + -2 - 0) + 3. Suppose m*s + 0*s = 93. Calculate the remainder when s is divided by 16.
15
Suppose 0*b = b + 4*v + 66, -4*b = 5*v + 231. Let i = b - -201. Suppose 2*h - 132 = -2*y, -i + 20 = -2*h - y. Calculate the remainder when h is divided by 21.
19
Let p be (16 + -1)/((-9)/(-12)). What is the remainder when 9 is divided by 2/5 + 92/p?
4
Suppose -5*m = -5*u - 55, 5*u - 1 = -2*m + 7. What is the remainder when 25 is divided by m?
7
Let d(o) = o**3 + 6*o**2 + 4. Let g be d(-6). Suppose 17 = -g*n + 5*n - 2*k, -2*k - 50 = -4*n. What is the remainder when n is divided by 6?
5
Suppose 3*d = 5*x - 5, -28 = 4*d + 4*x + 32. What is the remainder when 6/(-15) + (-454)/d is divided by 23?
22
What is the remainder when 64 is divided by (4/(-18))/(-1) + (-6210)/(-486)?
12
Let z = 22 + -11. Let h = z - 5. What is the remainder when 11 is divided by h?
5
What is the remainder when (130/(-8))/(10/(-80)) is divided by 45?
40
Suppose 3*c + 0*c = 147. Suppose -25 = -w - 8. What is the remainder when c is divided by w?
15
Suppose 3 = 3*z, q - 6 - 4 = 2*z. Let j(l) = l**3 - 6*l**2 + 5*l + 7. What is the remainder when q is divided by j(5)?
5
Let f(t) = -t**3 - 6*t**2 - t - 1. Let i be f(-6). Let u(l) = l**3 - 6*l**2 + 7*l - 2. Calculate the remainder when 23 is divided by u(i).
7
Suppose -4*d + 73 = 5*j, -8*j + 63 = -3*j - d. What is the remainder when 25 is divided by j?
12
Let d be (9/3)/(-6)*2. What is the remainder when 66 is divided by (d + 3)*34/4?
15
Let l(v) = 1. Let y(o) = 2*o - 5. Let s(w) = 2*l(w) + y(w). Let p be s(2). Calculate the remainder when (9/(-6))/(p/(-18)) is divided by 14.
13
Calculate the remainder when 3*-1*731/(-17) is divided by 33.
30
Suppose 0*w = -w + 4. Suppose -5*m + 4 = -5*v + 29, 3*v = 4*m + 20. What is the remainder when (v/2 + -10)*-1 is divided by w?
2
Suppose -2*q - 171 = q. Calculate the remainder when (q/2)/((-5)/10) is divided by 20.
17
What is the remainder when (-2)/(-6) - (-80)/3 is divided by (0*(-2 + 1) - -1) + 14?
12
Let o = 16 - 1. Suppose -2 + o = r. What is the remainder when 38 is divided by r?
12
Let j(q) = q**3 + 5*q**2 + 3*q + 1. Let u be j(-4). Suppose -h = -u*h + 52. What is the remainder when h is divided by 7?
6
Let g be (-2)/8 + 2550/24. Let u = -57 + g. Calculate the remainder when u is divided by 17.
15
Suppose -8*u + 3*u + 25 = 0. Let s = -1 + u. Calculate the remainder when 13 is divided by s.
1
Calculate the remainder when (-2)/(-8) - 395/(-20) - 2 is divided by 8.
2
Suppose -4*x + 28 - 8 = 0, 0 = 3*j + 2*x - 22. Calculate the remainder when (-22)/(-18) - j/18 is divided by 1.
0
Let m be -1 - -5 - 1/(-1). Let u = -3 + m. Suppose -28 = -2*i - u*b, 4*i + b = 6*b + 65. Calculate the remainder when 29 is divided by i.
14
Let u = 3 - 5. Let l be u*(1 - (-21)/(-6)). Suppose 3*j = h - l*h + 224, -4*h + 232 = j. What is the remainder when h is divided by 20?
19
Suppose 1187 = 15*p - 1213. What is the remainder when p is divided by 54?
52
Let o be (-324)/45*40/(-6). Let j = 100 - o. Calculate the remainder when j is divided by 18.
16
Let v be 0 + -2 - (1 - 61). Let q = v - 22. Suppose 4*w - 5*w = -19. What is the remainder when q is divided by w?
17
Let t(x) = x - 3. Let w be t(3). Suppose w = -2*l - 5*u + u + 74, 3*u + 129 = 3*l. What is the remainder when l is divided by 11?
8
Let o(a) = -3*a - 4. What is the remainder when 21 is divided by o(-5)?
10
Suppose 2 = -3*x + 53. Suppose -2*y + 56 + 14 = 4*b, 2*y - b = 65. What is the remainder when y is divided by x?
16
Suppose 2*t - 3*t + 1 = 0. What is the remainder when 3 is divided by t?
0
What is the remainder when (-2)/8*(-196)/7 is divided by 3?
1
Let d(j) = -j - 9. Let l be d(-5). Suppose 3*h = h + 16. Calculate the remainder when (-45)/(-2) - (-2)/l is divided by h.
6
Suppose 3*k - 335 = -0*k + l, k + 3*l - 115 = 0. What is the remainder when k is divided by 31?
19
Let x be (-4 - -2)/((-2)/10). Suppose 6*q - q - x = 0. Suppose 5*g - q*g - 84 = 0. Calculate the remainder when g is divided by 15.
13
Let c(s) = -s**3 + 8*s**2 + 2*s + 2. Calculate the remainder when c(8) is divided by 8.
2
Calculate the remainder when ((-37)/(-3))/(6/36) is divided by 19.
17
Suppose 12 = -3*p, -3*g + 3*p = 7*p - 8. Suppose -a + 5*t + 105 = 0, 3*a - 5*t = -0*a + 315. Calculate the remainder when g is divided by a/14*4/6.
3
Suppose 3*r - 23 = m, -r - 28 = -5*r + 4*m. Calculate the remainder when 39 is divided by r.
7
Let z(y) = -3*y + 14. Calculate the remainder when z(-4) is divided by 9 + -2 + (4 - 2).
8
Let y(r) = r**2 + 6. Let h be y(6). Suppose -h = 2*j - 5*j. Calculate the remainder when 26 is divided by j.
12
Let r = 17 + -7. Let a = -125 - -83. Let g = -23 - a. Calculate the remainder when g is divided by r.
9
Calculate the remainder when 38 is divided by (10/(-3))/(1/(-6)).
18
Suppose r + 61 = 5*z, -15*r = 4*z - 17*r - 50. What is the remainder when 214 is divided by z?
10
Suppose -h - 3*u + 5 = -5*h, 4*u + 25 = -h. Let j = h - -6. Calculate the remainder when 2 is divided by j.
0
Let t(k) = -k**2 - 11*k + 6. Let n be ((-10)/(-8))/(11/(-88)). What is the remainder when 31 is divided by t(n)?
15
What is the remainder when 7/(-28) + 674/8 is divided by 17?
16
Suppose 2*f - 50 = -3*f. What is the remainder when 29 is divided by f?
9
Suppose 5*h - 30 = 6*r - r, 5*r - 26 = -3*h. Calculate the remainder when 27 is divided by h.
6
Let s be (3/2)/(4/8). Suppose 0*b - s*v - 36 = -3*b, 5*b + 2*v - 25 = 0. What is the remainder when 20 is divided by b?
6
What is the remainder when -1 - -1 - (-45 + 5) is divided by 14?
12
Let a be -2 + -1 - -2*1. What is the remainder when 6 is divided by (4 - 3)*a*-3?
0
Let p(q) = -q**2 + 4*q + 3. Let z be (-16)/12*(-9)/3. Calculate the remainder when 5 is divided by p(z).
2
Let r = 1 - -2. Let z = r + 10. What is the remainder when 24 is divided by z?
11
Suppose 3*d + 285 = 63. Let o = -40 - d. Calculate the remainder when o is divided by 12.
10
Suppose -43 = -v + 4*z, -25 = -v - 4*z + 10. Calculate the remainder when v is divided by (7/2)/(2/12).
18
Let l be ((-1)/3)/(1/(-21)). Suppose 2*k + 7 = 3*k + 5*x, -3*x = -5*k + l. What is the remainder when 5 is divided by k?
1
Let l be (-6)/2 - 64/(-8). Suppose l*n = n + 8, -5*n = 2*d - 16. Let g = 3 + 1. What is the remainder when g is divided by d?
1
Suppose 3*m + 5*f - 18 = 20, 0 = m + 2*f - 11. Let b be 1 + 0/(-3 + 2). What is the remainder when m is divided by -1 + (4 - b) - -9?
10
Suppose 4*i + 2*u - 2 = 0, -3*i - 5*u - 1 = 1. Calculate the remainder when 1*(-2)/(2/(-3)) is divided by i.
0
Suppose -5*x - 10 = -35. Calculate the remainder when x/(5/(-2)) - -61 is divided by 15.
14
Let c(m) = m + 2. Let w be c(12). Let b = 6 + w. Let d(r) = r**2 + 2